4, 3*x - 4*o = -8 + 40. What are the prime factors of x?
2
What are the prime factors of (-3 + 68/20)*(-4 + 974)?
2, 97
Suppose 5*v = -r - 0*r - 40, -5*r = -v - 34. Let k(x) = x**3 + 8*x**2 - 10*x - 11. Let n be k(v). List the prime factors of (2 + -4)*1*n.
2
Let g be 1/(-2*(-3)/(-6)). Let u be (g - -2) + 9 + -8. Suppose 2*p - 30 = -5*s, u*p + s = 49 - 3. What are the prime factors of p?
5
Let q(p) = 19*p + 28. Let g be q(-8). Let o = g + 174. List the prime factors of o.
2, 5
Let z = -28 + 43. Let k = 15 + z. List the prime factors of k.
2, 3, 5
Let i(l) = l**3 + 9*l**2 + 5. Let k be i(-9). Suppose o - 20 = k*o - 4*n, o + 4*n = 15. List the prime factors of (2 + -3)*o*21.
3, 7
Suppose -7 = -4*z - 11. Let g be (-2)/((z - 0)*1). What are the prime factors of g*26 + -17 + 15?
2, 5
Let f(w) = -5*w - 4. Let i be f(-4). Suppose -4*r + 0*r - 40 = 3*n, -3*r - 33 = 3*n. Let v = r + i. List the prime factors of v.
3
Let c = -52 + 87. Suppose 2*v + n - 136 = 0, -v + 103 = -2*n + c. What are the prime factors of v?
2, 17
Let v = 1 + 1. Let g(h) = 2*h + 6. Let y be g(-3). Suppose y*k + 88 = v*k. List the prime factors of k.
2, 11
Suppose 3*v = -3*v + 18. Suppose -v*c + 27 = -0. List the prime factors of c.
3
Let k = 73 + -32. Let w = -28 + k. Suppose -u = -w - 4. What are the prime factors of u?
17
Let t(i) = -15*i**2 - 5*i + 6. Let d be (0 + -3 + 8)/(-1). Let v be t(d). What are the prime factors of v/(-28) + 2/(-7)?
2, 3
Suppose 6*a = 3*a + 24. Suppose 0 = -a*n + 2*n. Suppose p - 16 - 20 = n. What are the prime factors of p?
2, 3
Let x be (-9)/6 - 22/4. Let y(d) be the third derivative of d**5/60 + d**4/4 - d**3/6 + d**2. What are the prime factors of y(x)?
2, 3
Let z(u) = -177*u**3 - 5*u**2 - 10*u + 4. What are the prime factors of z(-3)?
2, 149
Let u = -951 - -2370. List the prime factors of u.
3, 11, 43
What are the prime factors of (-28945)/(-10) - (-2)/4?
3, 5, 193
Let k = -27 - -32. Suppose 96 = k*o - o. Let u = o + -18. List the prime factors of u.
2, 3
Let f(b) = 40*b - 774. List the prime factors of f(21).
2, 3, 11
Suppose 0 = 8*j - 9*j + 25. What are the prime factors of (-178)/(-3) - j/(-15)?
61
Let u(h) = h**2 + 2*h + 19. Let l be u(0). Let a = l - 19. What are the prime factors of (9 + 14)*(a + 1)?
23
Let j(x) = -x**3 + 5*x**2 + 2*x - 5. Let h be j(5). Suppose 7*z = 2*z + 2*g + 88, 3*z + h*g - 28 = 0. Let p(f) = 4*f - 32. What are the prime factors of p(z)?
2
Let j(u) = u**2 + 10. Let k be j(0). List the prime factors of (1520/(-50))/((-4)/k).
2, 19
Suppose 0 = 15*j - 10*j. Suppose j = 19*n - 11*n - 40. What are the prime factors of n?
5
Suppose 23 + 715 = -9*v. Let p = -4 + -17. Let c = p - v. List the prime factors of c.
61
Suppose 4*p + 5*f - 826 - 3923 = 0, -f - 2371 = -2*p. List the prime factors of p.
2, 593
Let g(d) = -2*d**3 + 2*d + 3. Let i be g(-2). Let m = 23 + i. What are the prime factors of m?
2, 19
Let r(f) = -55*f + 2. Let w be r(8). Let i = w + 644. What are the prime factors of i?
2, 103
Suppose 8*w + 5610 = 3*w + 4*z, 0 = -w - z - 1122. What are the prime factors of (w/12 + 3)*-2?
181
Let y be (-2)/(-10) + 81/45. Suppose 0*j - y*j + 4 = 0. Let k(u) = 13*u. List the prime factors of k(j).
2, 13
Let s(a) = -5*a - 12. Let d be s(-11). Let k be 3 - -3*(-1)/3. Suppose k*q + u - 21 = 0, 4*q + 2*u - d = u. List the prime factors of q.
11
Let h(t) = -9*t**2 - 3*t - 5. Let n(q) = -8*q**2 - 2*q - 4. Let i(k) = 2*h(k) - 3*n(k). Let r = 30 + -28. What are the prime factors of i(r)?
2, 13
Suppose -3*s + 4*x + 1822 + 115 = 0, -1912 = -3*s - x. List the prime factors of s.
3, 71
Suppose 0 = -8*m + 5526 + 3346. List the prime factors of m.
1109
Suppose -9*l + 412 = -524. Suppose 13 = 4*v + 1. Suppose -v*f - f = -l. List the prime factors of f.
2, 13
Let z(j) = -29 + 2645*j - 2656*j + 11. What are the prime factors of z(-28)?
2, 5, 29
What are the prime factors of ((-22)/(-8))/(0 - 2/(-168))?
3, 7, 11
Let f(q) = -q**2 - 9*q - 17. Let s be f(-4). List the prime factors of ((-11)/s + 3)/((-2)/396).
2, 3, 11
Let h(a) = a**3 + 33*a**2 - 20*a - 15. What are the prime factors of h(-15)?
3, 5, 17
Suppose 0 = 4*g + 46 - 10. Let p = g - -29. What are the prime factors of p?
2, 5
Let p(a) = -12*a. Let d(v) = -11*v - 1. Let k(f) = -6*d(f) + 5*p(f). Let y(z) = 3*z**2 - 5*z - 4. Let m be y(3). What are the prime factors of k(m)?
2, 3
Let u = -28 + 177. Let z = -90 + u. What are the prime factors of z?
59
Let x(t) = -t - 5. Let d(i) = i**3 - 5*i**2 + i + 2. Let j be d(5). Let c be x(j). Let m(v) = v**2 + 11*v + 15. List the prime factors of m(c).
3
Suppose t = 0, -2*j = -4*t - 25 - 47. Suppose j = -s + 221. What are the prime factors of s?
5, 37
List the prime factors of (-34918)/(-85) - 1/(-5).
3, 137
Let b be (-465)/(-6) + (1/(-2) - -1). Let l = 129 - b. What are the prime factors of l?
3, 17
Let k be 16/3*18/(-4). Let n be (-21)/(-56) - 207/k. Let o = n - 5. List the prime factors of o.
2
What are the prime factors of -8 + 1274 - 16/(-2)?
2, 7, 13
Let m(z) = -1. Let t(h) = 5*h - 67. Let n(d) = -2*m(d) - t(d). What are the prime factors of n(-25)?
2, 97
Let p(d) = 4*d**2 + 4*d - 1. Let j be p(-3). Let a = j - 18. Suppose 0 = -a*k + 10*k - 240. What are the prime factors of k?
2, 3
Let h be 6*(3 - 8/3). Suppose -m = -2*m + 4. Let l = m + h. What are the prime factors of l?
2, 3
Let a(f) = 17*f**2 + 65*f + 42. What are the prime factors of a(-10)?
2, 3, 7, 13
Suppose 0 = -y - 44 + 246. Let q = y - 117. What are the prime factors of q?
5, 17
Suppose 0 = -4*o + 2*w + 78, -68 = -4*o - w - 5. What are the prime factors of o?
17
Suppose 0*g + 2 = g. Suppose 0 = -l + 2*y + 116, g*l - 24 - 226 = -2*y. List the prime factors of l.
2, 61
Let w be (-32)/(-1) + (-3)/1. Suppose 5*j = n - 3 - w, 0 = -n - 2*j + 32. List the prime factors of n.
2
Let g(s) = -4*s - 16. Let c be g(3). Suppose 0 = -5*k + 2*k + 5*h - 1562, -3*k - 1582 = 5*h. What are the prime factors of k/c - (-4)/14?
19
Let g = -8 + 10. Suppose g*t - 4 = 4*t. List the prime factors of 196/(-7)*1/t.
2, 7
Suppose 3*o - 32 - 32 = k, 0 = 5*k - 10. List the prime factors of o.
2, 11
Suppose -5*o + 3*i - 127 = 65, -3*i = -12. Let n = o - -59. List the prime factors of n.
23
Let l = -40 + 43. Let i be 28/6 + (-2)/3. Suppose -45 = -h - 4*r, i*r - 90 = -l*h + r. List the prime factors of h.
5
Let a(z) be the second derivative of -z**3 + z**2/2 + 2*z. What are the prime factors of a(-14)?
5, 17
Let i be ((-120)/(-36))/((-1)/(-3)). Suppose -5*d = -i - 60. List the prime factors of 24/(-16)*d/(-3).
7
Let n(l) = -171*l + 174*l - 2 - 10. Let x = -16 + 27. What are the prime factors of n(x)?
3, 7
Let g(a) = a**2 - 6. Let z be g(-3). Suppose z*w - 15 = 6. Let f = w - 4. What are the prime factors of f?
3
Suppose -3864 = -16*w + 2*w. List the prime factors of w.
2, 3, 23
Suppose -3*l - 662 = 3*n + n, 3*n = 2*l - 505. Let q = n + 284. List the prime factors of q.
3, 13
Suppose -u + 138 = u. Suppose 2*d + d - u = 0. What are the prime factors of d?
23
Let m = -554 - -2719. What are the prime factors of m?
5, 433
Let s = -1326 - -2413. What are the prime factors of s?
1087
Suppose 4*n - 3*c - 16 - 11 = 0, c + 8 = n. Suppose 18*s + 154 = 20*s. Suppose n*x - 94 = 5*z, -3*z = 6*x - 2*x - s. What are the prime factors of x?
23
Let b(a) = -2*a**3 + 6*a**2 + 2*a - 9. Let d(l) = l**3 - 5*l**2 - 2*l + 8. Let y(r) = -2*b(r) - 3*d(r). What are the prime factors of y(3)?
2, 3
Suppose z + 25 = a, a - 94 = 4*z - a. Let b = -49 - -46. Let d = b - z. List the prime factors of d.
19
Let u(m) = m**3 + 17*m**2 + 23*m + 11. Let t be u(-15). Suppose 0 = 2*b + 2*x - 196, -4*b + t = -3*b - 5*x. What are the prime factors of b?
101
Suppose -10*q + 22979 - 2819 = 0. What are the prime factors of q?
2, 3, 7
Let z = -1330 - -1441. List the prime factors of z.
3, 37
What are the prime factors of 1*(-5 + 162/2)?
2, 19
Let h(c) = 62*c**2 + 94*c + 1. What are the prime factors of h(-6)?
1669
Suppose -7380 = -22*u + 16*u. List the prime factors of u.
2, 3, 5, 41
Let m be ((-5 - -1) + -42)*-4. What are the prime factors of m/6 + 20/60?
31
Suppose -16 = 2*j - 3*n, -19 = 3*j + 4*n - 6*n. Let o(z) = z**2 - z + 5. Let y be o(8). Let a = j + y. What are the prime factors of a?
2, 7
Let z(c) = c**2 - 18*c - 6. Let j be (-42)/(-4)*(-36)/(-27). Let x be z(